((-59)/(-4))/(144/1728). Let g = 65 - 6. What is the highest common divisor of g and x?
59
Let i be (-5905 + -7 - 19)*(-8)/6. What is the highest common divisor of 12 and i?
12
Let n(y) = 628*y - 8385. Let c be n(14). Calculate the highest common divisor of 518 and c.
37
Let q = -8906 + 9347. Calculate the highest common divisor of 6468 and q.
147
Let w(y) = -2*y**2 + 5*y - 10. Let b be w(3). Let u = b - -21. Suppose -140*f + 1664 = -124*f. Calculate the highest common factor of u and f.
8
Let j(r) = 8*r + 37. Let o be j(-1). Let n be 6 + 63/(-9) + o. Calculate the greatest common divisor of n and 448.
28
Let h = 5254 + -4870. What is the highest common divisor of 672 and h?
96
Suppose -97 = -4*t + 457 + 310. What is the greatest common divisor of 10152 and t?
216
Let c(k) = k**3 - 2*k**2 - 3*k + 5. Let f be c(3). Suppose -18 - 2 = -f*w. Suppose -4*u - w*u + 560 = 0. What is the greatest common divisor of u and 35?
35
Let t be 4/12*6 + 1. Suppose 6*g = g + t*h + 1201, 729 = 3*g + h. Suppose 24 = 2*y - 6*a + a, -a - 18 = -y. What is the greatest common factor of g and y?
22
Let o = -13 - -7. Let a(m) = -m**3 - 8*m**2 - 19*m. Let v be a(o). Suppose -2*j = j - v. Calculate the greatest common factor of 2 and j.
2
Let o(l) = 9*l**2 - l + 90. Let w be o(0). What is the greatest common factor of 800 and w?
10
Suppose -4*z - 11*z - 19*z + 1938 = 0. Calculate the highest common divisor of z and 4161.
57
Let t = -291 + 496. Let r be 123*(3 - (-21)/(-9)). Calculate the highest common factor of t and r.
41
Suppose 8*n = 16151 - 1599. Calculate the greatest common divisor of n and 51.
17
Let v be (-4 + 244)*32/16. Calculate the highest common divisor of v and 72.
24
Suppose 432 = -6*w + 534. Calculate the highest common divisor of 459 and w.
17
Let g be ((-3)/(-3))/(-1) + 43*-2. Let o = -84 - g. Suppose f + 2*t - 27 = 0, -o*f + 87 = -2*t + 5*t. What is the highest common divisor of 93 and f?
31
Let s = -7390 - -7445. Calculate the highest common factor of s and 3575.
55
Suppose 224 = -5*m - 11*m. Let o be 12/m*-1*(56 + 0). Let x be 0*1/3 - (3 - 291). What is the highest common divisor of x and o?
48
Let h be 86*((-105)/(-1260))/((-1)/(-18)). Calculate the highest common divisor of 2623 and h.
43
Let u be (2193/34)/(2/4). Let v be ((4 + -5)*6)/(-2 + 0). Calculate the highest common factor of u and v.
3
Suppose -3*x + 537 = 4*a - 83, 5*a = 4*x + 775. Suppose 105 = 10*q - a. Let u be 0 - (-4)/(-20) - q/(-5). What is the greatest common divisor of u and 25?
5
Suppose 2*r - 24 + 16 = 0. Suppose -m - 4 = -5*m + 2*l, -4*l + 28 = r*m. Suppose m*a = 589 - 43. What is the highest common divisor of 14 and a?
14
Suppose 0 = 5*r - 4*h - 480, 3*r + 3*h - 407 = -119. Suppose -5*n + 972 = 992, 476 = 2*f + n. Calculate the highest common divisor of r and f.
48
Suppose -5*s + 90 = 3*f + f, -72 = -4*s - 4*f. Suppose 7*z - 5418 = 720*a - 717*a, 5*z + a = 3870. Calculate the greatest common divisor of s and z.
18
Let q be (-2)/(-8) - (-304)/64. Suppose q*h - 142 + 102 = 0. Let w = 5 + 3. Calculate the greatest common divisor of h and w.
8
Let a(s) = -11*s + s**3 - 15*s**2 - 2*s**2 - 10*s + 2*s + 22. Let u be a(18). Let r be (-3 - -4)*383 + u. What is the highest common divisor of r and 43?
43
Let l(y) = 48*y + 34. Let a be l(17). Suppose -w - 345 - a = -3*n, -2*w - 1190 = -3*n. Calculate the greatest common divisor of 25 and n.
25
Let s = -2942 + 2987. Calculate the highest common factor of 153 and s.
9
Let j = -16 + 26. Let v = 84 - 92. Let s(p) = -p**3 - 6*p**2 + 17*p + 12. Let n be s(v). Calculate the highest common factor of n and j.
2
Let v = -16670 + 21022. What is the highest common divisor of 68 and v?
68
Suppose 2*f = 4*q - 171 + 7, -5*q - 6*f = -239. Calculate the highest common divisor of 43 and q.
43
Suppose 1680 = -13*p + 25*p. Calculate the greatest common factor of 2180 and p.
20
Suppose -165 = -5*b - h, 0 = -256*h + 257*h + 5. Calculate the highest common divisor of b and 51.
17
Suppose -64*r + 59*r + 6840 = 0. Suppose 0 = -235*y + 229*y + r. What is the greatest common divisor of 76 and y?
76
Let y(m) = -m**3 + 5*m**2 + 4*m + 10. Let a be y(5). Calculate the greatest common factor of a and 570.
30
Let h(y) = y**3 - y**2 + 10*y - 3. Let r be h(5). Suppose -2*t = -29 - 73. Let x = t + -30. Calculate the greatest common factor of x and r.
21
Suppose -9*l - 2*l + 66 = 0. Suppose -c + 3*c = -l. Let r be 3969/42 + c/(-2). What is the highest common factor of r and 24?
24
Let b be (-34 - -4)*((-484)/(-110))/((-8)/10). Calculate the highest common factor of b and 240.
15
Let l = -12824 - -13550. Calculate the highest common factor of 2442 and l.
66
Let r be (-2 - 1578)*(68/4 + -29). Calculate the greatest common factor of r and 90.
30
Suppose 21*x + 43*x - 2346 = -38*x. Let l = -229 - -344. What is the greatest common divisor of l and x?
23
Let j = 21992 + -21968. Let g = 327 + -207. What is the highest common divisor of j and g?
24
Let r(i) = -i. Let a be r(-1). Let c be (-1)/(a/(-83)) - -1. Suppose -9042*l + 9045*l + 30 = 0, 4*m = -l + 46. Calculate the greatest common factor of m and c.
14
Suppose 67 = -20*v + 259 + 48. Let t(b) = 96*b**3 + b**2 - 1. Let k be t(1). Calculate the highest common factor of k and v.
12
Let q = 1173 - 627. Suppose -91*g = -84*g - q. What is the greatest common divisor of g and 208?
26
Suppose -5*a - 5*s = -380, 0 = 492*s - 489*s + 15. Calculate the greatest common divisor of a and 432.
27
Let p = 66 - 42. Let n = -25 + p. Let m be ((-45)/(-18))/(n/(-2)). Calculate the highest common factor of m and 5.
5
Suppose 4*w - 396 = -3*a, 0*w - 2*a - 198 = -2*w. Let d be (-33)/2 - (3 + (-14)/4). Let k = d - -27. What is the greatest common factor of w and k?
11
Suppose 3*x + 1037 = 5*s + 3363, -5*x = -s - 3862. Let l be 8/28 - (-1)/((-7)/x). Let v be (l/(-15) - 4)*3. What is the greatest common factor of 15 and v?
5
Suppose 161 = 22*x + 51. Suppose 0*m - m + 299 = 2*u, x*m = 5*u - 755. What is the highest common divisor of u and 30?
30
Let u = 197 + -194. Suppose u*t - 914 = -2*a, 2*a - 4 = -2. Calculate the greatest common divisor of 19 and t.
19
Let f(w) = 94*w - 354. Let y be f(35). What is the greatest common divisor of 1101 and y?
367
Suppose -2*a = i - 9, 3*i - 14 = -5*a + 10. Suppose i*w - 564 = -2*p, 2*p - 556 = w - 6*w. Calculate the greatest common factor of 32 and p.
32
Let q = -166 - 66. Let f be q/2*4*7/(-28). What is the highest common divisor of f and 203?
29
Suppose -48687 = 63*v - 58715 - 128887. What is the greatest common factor of v and 11907?
441
Let u = -11504 - -11522. Calculate the highest common divisor of u and 838.
2
Let u(i) = -14 - 9 + 13*i - 1 + 3. Let r be u(22). Suppose 4*q + 1 - r = 0. Calculate the highest common divisor of q and 99.
33
Let k be (-3)/(-4) + 352/(-128). Let j be 4/40*15 - 43/k. Calculate the greatest common divisor of j and 92.
23
Suppose 7*s + 5*s = -28800. Let h = 4570 + s. Suppose 20*i - h = 10*i. What is the highest common divisor of i and 31?
31
Let i(h) = -35*h - 38*h + 70 - 37*h + 148*h - 31*h. Let m be i(-7). What is the greatest common divisor of 35 and m?
7
Let q(p) = p + 14. Let g be q(14). Let m = g - 32. Let h be (80/30)/(m/(-18)). What is the highest common divisor of 18 and h?
6
Let y(j) = -3*j**2 + 102*j + 6. Let x be y(34). Let b be 31780/60 + (-4)/(-18)*x. Calculate the greatest common divisor of b and 59.
59
Suppose 5*x = -3*b + 7556, 0 = -4*x - 30*b + 28*b + 6044. What is the greatest common factor of 250 and x?
10
Let l(m) be the first derivative of -1/4*m**4 + 11 - 2*m**2 - 7/3*m**3 + 0*m. Let r be l(-7). What is the greatest common factor of r and 70?
14
Suppose 0 = 3*j + 2*j - 75. Suppose -x - 35 = -5*d + 21, -2*d - 202 = 3*x. Let y = 9 - x. Calculate the highest common divisor of j and y.
15
Let u = 6344 - 4208. What is the highest common divisor of u and 408?
24
Suppose 3*n - 2*s - 1042 = 0, 678 = 2*n - 4*s + 6*s. Let p = -246 + n. Calculate the greatest common factor of p and 147.
49
Suppose -5*k = -2*i - 80, -18*i = -16*i - 4*k + 76. Let c be (-1*(-396)/i)/((-4)/30). What is the greatest common factor of c and 18?
9
Suppose -4*o + 42 = -5*n, -2*o - o = -5*n - 34. Suppose 80 = -4*f + o*f. Let l = f + -2. What is the greatest common divisor of l and 6?
6
Let c = -17